817102. What are the prime factors of r?
13553
Let g(l) = 2*l**3 + 134*l**2 - 53*l + 1000. List the prime factors of g(-61).
3, 5, 3259
Let r = -924 + 1034. Let d = 2 - 2. Suppose d = 4*n - 14*n + r. What are the prime factors of n?
11
What are the prime factors of 18936 + (30/9)/(11/(-33))?
2, 9463
Let v(l) = -l**3 + 7*l**2 - 30*l + 9. Let j be v(8). Let q = 108 + j. Let p = 298 + q. What are the prime factors of p?
3, 37
Let d = 127 + -39. Let i(w) = -41*w + 219. Let x be i(6). Let f = x + d. List the prime factors of f.
61
Let f(o) be the first derivative of 6*o**3 - 9*o**2/2 + 7*o + 166. List the prime factors of f(7).
2, 7, 59
Suppose 5*a - 2584 = -3*j, 21*a - 19*a = 5*j - 4255. Let v = -5 + j. List the prime factors of v.
2, 53
Let v(p) be the third derivative of p**5/10 + p**4/24 - 5*p**3/6 + 10*p**2. Let i be v(-4). What are the prime factors of -1 + 4 + i + 0 + -2?
2, 11
Let j(t) = 5*t - 3. Let b be j(1). Suppose -238 = -b*l - 4. Let o = -73 + l. What are the prime factors of o?
2, 11
Let v = 402 - 359. Suppose -4*n + v = -357. What are the prime factors of n?
2, 5
Suppose -3*h - 13 = -2*t, -27*t + 25*t + 15 = -5*h. Suppose 5*v = r + 191, 4*v + t*r - 155 = -8. What are the prime factors of v?
2, 19
Let g(k) = 10*k. Let w = -63 - -83. Suppose -y + 15 = -4*m - 8, -4*m = w. What are the prime factors of g(y)?
2, 3, 5
Suppose 0*y + 3*u - 9 = 3*y, -2*y - 12 = -4*u. Suppose -5*r - k = -5*k - 3, 3*r + k + 5 = y. Let l(h) = -50*h - 3. List the prime factors of l(r).
47
Let s(z) = -z + 27. Let o(d) = 14. Let b(v) = -9*o(v) + 4*s(v). Let w be b(-5). Suppose w*c - 3*q + q - 78 = 0, 0 = -2*q - 8. List the prime factors of c.
5, 7
Suppose -2325*a - 40176 = -2331*a. What are the prime factors of a?
2, 3, 31
Let f be (-10)/((-7)/(49/14)). Suppose f*t = -3*r + 23, 43 = r - 5*t + 2. What are the prime factors of r?
2
Let b(c) be the third derivative of -10/3*c**3 + 0*c + 5/4*c**4 - 36*c**2 + 0. What are the prime factors of b(6)?
2, 5
Let v(h) = 205*h**2 - 328*h + 3213. What are the prime factors of v(10)?
3, 7, 139
Suppose -2*n + 5*q = 16 + 9, 0 = 4*n + q + 105. Let s be (1 + n/(-3))/((-12)/(-144)). List the prime factors of s/(-6)*-6 - (-3 + 4).
3, 37
Suppose 69*a + 3118 = 67*a. Let u = a + 2547. List the prime factors of u.
2, 13, 19
Suppose -5*y - s + 4*s = -44201, -2*y + 3*s + 17684 = 0. What are the prime factors of y?
8839
Let k(g) = 3*g**3 - 42*g**2 - 116*g. List the prime factors of k(18).
2, 3, 5
Let h = -534 - -694. Suppose -6*r = k - 8*r - 32, -5*k + h = -4*r. List the prime factors of k.
2
Let w be 2*(17/10 + (-12)/(-15)). Let c(r) = 2*r**3 + 6*r**2 - 15*r - 9. List the prime factors of c(w).
2, 79
Suppose 3*m + 5*p = 351 + 1747, m - 3*p = 690. Let u = 982 - m. List the prime factors of u.
2, 11, 13
Suppose -135*k - 27978 = -139*k - 2*y, -k = -3*y - 6984. What are the prime factors of k?
3, 7, 37
Let l(r) = -2*r**3 + 93*r**2 - 172*r + 68. List the prime factors of l(42).
2, 5, 109
Let m(t) = 489*t**2 - 32*t + 160. List the prime factors of m(7).
23, 1039
Let h = 15735 - 9149. List the prime factors of h.
2, 37, 89
Let z(i) = 21*i + 21*i**2 - 25*i - 19 + 20. What are the prime factors of z(-4)?
353
Let h be 10/(-4) - 1419695/(-58). Suppose 0 = -28*a + h - 2271. What are the prime factors of a?
13, 61
Suppose 3*q - 3*s = 7437, -3*s + 3 = -6. List the prime factors of q.
2, 17, 73
Let c(o) be the third derivative of -49*o**4/12 - 8*o**3/3 - 2*o**2. Let w be c(5). Let m = w - -744. What are the prime factors of m?
2, 7, 17
Let b(r) = 21*r - 205. Let a be b(10). Suppose -y + 3*k + 233 = -320, -2*y + 1062 = a*k. List the prime factors of y.
541
Let l(d) = -d**2 - 21*d + 72. Let y be l(-28). Let w = 409 + y. What are the prime factors of w?
3, 5, 19
Suppose -936 = 2*n + 570. Let i = -437 - n. What are the prime factors of i?
2, 79
Suppose 4*a - 7*a + 18 = 0. Let n(m) = 9*m - 52. Let d be n(a). Suppose -k + 2*p + 172 = -0*k, -4*k - d*p + 648 = 0. List the prime factors of k.
2, 41
Let s = 39584 + -32216. List the prime factors of s.
2, 3, 307
What are the prime factors of 9 - 15 - (-5 + -5479)?
2, 3, 11, 83
Suppose 3*s = -3*j + 24, j - 5*j = s - 17. Suppose -28*t + 25*t + 4*x + 3563 = 0, 1191 = t - j*x. List the prime factors of t.
3, 5, 79
Suppose 7*u - 58*u + 373125 = -540387. List the prime factors of u.
2, 2239
Suppose 9 = 4*i + 1. Suppose 1 = b + 5*g, 2*b = g - 2*g + i. What are the prime factors of (-2 + b)*(-3 + -2)?
5
Suppose -10 - 14 = 8*a. Let b be 4 - (a + 1 - 2). Let v = b - -7. What are the prime factors of v?
3, 5
Suppose 0 = -2*v - 0*v + 8, -5*w + 4*v - 1 = 0. Suppose 495 = -2*u - w*u + 5*r, 3*r + 218 = -2*u. Let z = u - -197. List the prime factors of z.
2, 47
Suppose -4*d + 3*o + 9 = -13, -3*o + 6 = 3*d. Suppose -5*c - 79 = d*g, 2*g = 5*c + 57 + 16. List the prime factors of c + 12 + (1 - -37).
5, 7
Suppose 44*r - 20220 = 38*r. Suppose -36*i + 2696 = -32*i - 4*g, -5*i = -3*g - r. What are the prime factors of i?
2, 337
List the prime factors of 8212 + ((-3102)/611 - (-2)/(52/2)).
29, 283
Let b = 5259 + -2864. Let i = b - 1658. What are the prime factors of i?
11, 67
Let q(i) = 5*i + 18. Let a be q(0). Let v be (4/a*3)/((-1)/9). What are the prime factors of 4/v + 1 + (-308)/(-3)?
103
Let q be 1240/2 + (28 - 22). Suppose -92 = s + 5*a - 718, 0 = s + a - q. What are the prime factors of s?
2, 313
Suppose 0 = 5*l - 4*k - 101873, -3*l - 5*k = -4*l + 20383. List the prime factors of l.
3, 6791
Let h be (-858)/(-52)*(-4)/6. Let y = h + 13. List the prime factors of -1 + (3/(-3))/(y/(-44)).
3, 7
Let x = 29 + -101. Let g = -54 - x. Suppose 16*u = g*u - 396. What are the prime factors of u?
2, 3, 11
Suppose 3*h + 2*b = 694 - 34, -3*b + 440 = 2*h. Let q = h + 84. What are the prime factors of q?
2, 19
Suppose -31*g = -167 + 446. List the prime factors of (g/(27/6090))/(13 + -15).
5, 7, 29
Suppose -30 = 5*i - 5. Let m(j) = 7*j + 4. Let w(v) = -6*v - 3. Let y(x) = -4*m(x) - 3*w(x). List the prime factors of y(i).
43
Suppose 166992 = 441*z - 425*z - 84464. List the prime factors of z.
2, 3929
Suppose -3*b = -5*d - 25826, 46*b - 3*d = 42*b + 34431. List the prime factors of b.
3, 19, 151
Suppose 29205 = 80*f - 69*f. What are the prime factors of f?
3, 5, 59
Suppose 80 = 9*j - j. Suppose -j*k = 3*k - 13182. List the prime factors of 1 + -4 + k/6.
2, 83
Let f be -2 + ((-345111)/(-52))/(3/(-8)). List the prime factors of 3 + f/(-14) + (-54)/189.
7, 181
What are the prime factors of (-37610)/(-8) + 19/(1292/51)?
2, 2351
List the prime factors of -6 - (8 + (-5)/(5/15053)).
3, 557
Suppose -g = -6*g. Suppose 5*i + g*c = 2*c + 47, -2*i - c + 17 = 0. Let p = i - -26. What are the prime factors of p?
5, 7
Let f = 19809 + -11086. List the prime factors of f.
11, 13, 61
Let r = 1817 - 2600. Let l = r - -1155. List the prime factors of l.
2, 3, 31
Let t be (-10)/4*6/3. List the prime factors of -6618*4/(-60) - (-1)/t.
3, 7
What are the prime factors of (12517 - (8 - 11))*1 - -9?
11, 17, 67
Suppose -43*t = 40*t - 104*t + 458871. List the prime factors of t.
21851
Let p(k) = 5*k**2 + 14*k - 54. Let z be p(3). Let s(x) = -x**3 + 36*x**2 - 94*x - 13. What are the prime factors of s(z)?
2, 19
Let b = 58 - 334. Let i = b - -429. List the prime factors of i.
3, 17
Suppose 9*p - 8*p = 101. Let d = p + -97. Suppose -4*r = -5*w + 269, 0 = -0*r + d*r - 16. What are the prime factors of w?
3, 19
Let r be (-171)/114*(0 + 49 + 1). Let j be (r*(-4)/(-16))/(4/(-16)). Let v = -39 + j. List the prime factors of v.
2, 3
Let v(s) = s**3 - 6*s**2 + 10*s - 36. Let i be v(9). Let c = i + -105. What are the prime factors of c?
2, 3
Let z(b) = -b**3 + b**2 - 2*b - 19. Let r be z(-6). Let m = r - 126. List the prime factors of m.
7, 17
Suppose y + 2 = -y. Let g(o) = 2*o**2 - o + 1. Let p(f) = -80*f**3 + 2*f + 5. Let n(c) = -g(c) + p(c). List the prime factors of n(y).
79
Let m(z) = 47*z**2 - 9. Let f(n) = 94*n**2 - 17. Let q(u) = 3*f(u) - 5*m(u). Let j be q(-2). Let g = j - 120. List the prime factors of g.
2, 31
Suppose -19*y - 3*y = -25388. Suppose 2*b - y = -2*j - j, -3*b = -4*j - 1731. List the prime factors of b.
577
List the prime factors of 110686/86 - 3*4/258.
3, 11, 13
Suppose -51*n + 701663 = -4*n. List the prime factors of n.
14929
List the prime factors of (-113)/3